 5*o - 4*y - 217, 263*y + 3 = -o + 258*y. What is the highest common divisor of o and n?
37
Let p(o) = -3*o + 80. Let y be p(0). Let g = 64 + y. What is the highest common divisor of g and 240?
48
Suppose -30 = -3*x + 2*x. Let r = -853 + 1243. What is the greatest common factor of x and r?
30
Let t = -21205 - -23824. Calculate the highest common factor of t and 388.
97
Let c = 67 - 61. Suppose -u - 5 = 2*j, j - u = -c*u - 25. Let m be (1 - j)/(2/72). Calculate the highest common divisor of m and 12.
12
Let v be (-70)/(-21) + (1 - (-16)/(-12)). Suppose v*t = 4*c - 73, -c - t = 2*t - 37. What is the highest common factor of c and 66?
22
Let b be (-3 - (-4 + 3)) + 75. Suppose -y = -5*m + b, -6*m - 2*y = -5*m - 8. Calculate the greatest common divisor of m and 6.
2
Let w(j) = -15*j + 23. Let g be w(0). Let l(m) = m - 18. Let q be l(g). Suppose -487 = -10*y + 463. Calculate the greatest common divisor of q and y.
5
Suppose -u - b + 40 = 0, -2 + 206 = 5*u + 4*b. Let f be 4/14 + 276/14. Let p = f - 9. Calculate the greatest common factor of u and p.
11
Let h = 101 - 150. Let d = h + 51. Suppose -o = 6*b - 5*b - 18, d*b = -3*o + 36. What is the highest common factor of 18 and b?
18
Let f(i) = 2*i**2 - 8*i - 20. Let d be f(10). Let n be (-15)/((-3)/(2 + 13)). What is the greatest common divisor of d and n?
25
Let i = -76 - -101. Suppose 2*c + 3*p = 11, 4*c - p - 48 + 5 = 0. Let f = i - c. Calculate the highest common divisor of 15 and f.
15
Let h be 1/3 + -8*(-260)/(-30). Let c be h*(4 - (12 - 5)). Calculate the highest common factor of 23 and c.
23
Suppose -4*l - 5*s = -74, 132 = l - 3*s + 88. Calculate the greatest common factor of 6682 and l.
26
Let l be 537/(-5) + 30/(-50) + -3. Let m = 156 + l. Calculate the greatest common factor of m and 585.
45
Let o be 3 - (3240/3)/(-3). Let c = -21776 + 21809. What is the greatest common factor of c and o?
33
Let d be (-150)/(-19) + (-18)/(-171). Let c(t) = 14*t**2 + 8 - t**3 - 2*t - 4*t - d*t. Let r be c(12). What is the greatest common factor of 8 and r?
8
Let h(i) = 2*i**2 - i**2 - 782 + 12*i + 781. Let l be h(-16). Let n = 1 + 17. Calculate the greatest common factor of n and l.
9
Suppose 0 = 13*s - 39. Suppose -h + 7 = s. Suppose q + 4 = 0, 0 = 3*w - 0*q - h*q - 43. What is the greatest common divisor of w and 36?
9
Let m(b) = 129*b + 2112. Let z be m(-15). What is the highest common factor of 11623 and z?
59
Let j = 5209 + -4893. What is the highest common factor of j and 28?
4
Suppose 0 = 3*q - z - 23, -3*q - 1 = 3*z - 4. Suppose -5*j + 5*b - 605 = -q*j, -5*j - b + 3001 = 0. Calculate the greatest common divisor of j and 75.
75
Let r(d) = -d**3 - 131*d**2 - 127*d + 534. Let j be r(-130). What is the greatest common divisor of j and 3912?
24
Let u(r) = 248*r - 493. Let l be u(2). Calculate the highest common factor of 863 and l.
1
Let t(k) = 75*k + 91. Let l be t(-1). Calculate the greatest common factor of l and 564.
4
Let f(b) = 21*b - 108. Let m be f(6). Let s(l) = 21*l + 15. Let z be s(7). What is the highest common divisor of m and z?
18
Let o = 7564 + -3330. What is the highest common divisor of o and 292?
146
Let o be 15 + 8/(-2) + -2. Suppose 5*n + 41 = -o. Let z be (-35)/2*128/n. Calculate the highest common divisor of 32 and z.
32
Let d = 444 - 261. Suppose 3*s - 521 - 325 = 0. Let p = s - d. Calculate the highest common factor of 9 and p.
9
Suppose -16*q + 0*q - 862 + 9582 = 0. Calculate the highest common divisor of q and 2071.
109
Suppose -s = 3*s - 4*z - 20, 2*z = 5*s - 25. Let w be (2 + (s - 3))*(-150)/(-4). Calculate the highest common factor of w and 6.
6
Let w = 36 + -29. Suppose 16 = 3*y + w. Let v be (-3)/4*(-133 - y). Calculate the highest common divisor of v and 34.
34
Suppose -5*p + o = -235 - 94, -4*o = 16. Calculate the greatest common divisor of 3185 and p.
65
Suppose 5*a = -3*v + v - 742, 152 = -a - 4*v. Let m = a - -183. What is the highest common divisor of m and 7?
7
Let f be (-1 + (-7)/5)/(18058/860 - 21). What is the greatest common factor of f and 989?
43
Let p(q) = q**2 + 9*q - 28. Let m be p(-12). Let z(f) = 4*f - 17. Let x be z(m). What is the greatest common factor of 5 and x?
5
Suppose -3*h = -17 - 34. Let r(l) = 3*l**2 - 381*l - 2258. Let w be r(-6). Calculate the greatest common factor of w and h.
17
Let r = 14 + 13. Suppose 228 = 3*l - 3*b, -272 = -l - 3*l - 4*b. Let v be (-2)/((-4)/l*2). What is the highest common divisor of r and v?
9
Let a(l) = -2*l + 24. Let z be a(11). Suppose u - z*u + 64 = 0. Let h = 275 + -243. Calculate the highest common divisor of u and h.
32
Let u(a) = 503*a - 10938. Let r be u(22). What is the greatest common factor of 632 and r?
8
Let i = -811 - -4316. Calculate the greatest common divisor of i and 5.
5
Let m be (-2)/6 + -7*35/(-15). What is the highest common factor of m and 44?
4
Let w = 10768 - 10748. What is the greatest common factor of 46180 and w?
20
Let p = 80 - 43. Suppose 124 = -4*z - 4*g, 3*g + 157 = 14*z - 19*z. Let m = p + z. What is the greatest common divisor of 10 and m?
5
Suppose -305*b + 817741 = 67441. Calculate the highest common divisor of b and 420.
60
Suppose 26 = 10*r - 4. Suppose 5*x + r*h + 146 = 418, -x + 44 = -2*h. What is the highest common factor of x and 325?
13
Suppose 0 = -a + 2146*j - 2150*j + 420, a + 2*j = 426. What is the highest common factor of a and 5724?
108
Suppose -5*f + 2*l + 47 = 0, -46*l - 30 = -41*l. What is the highest common factor of f and 224?
7
Suppose 0 = a + 5*g + 206 - 223, -5*g - 43 = -4*a. What is the greatest common factor of 5052 and a?
12
Let a(o) = o**3 - 9*o**2 + 47*o - 102. Let g be a(7). Calculate the highest common factor of 1075 and g.
43
Suppose 4*a + 82 + 129 = -3*u, -4*u + 12 = 0. Let v = 57 + a. Suppose -4*d + 4*r = -124, 82 + 15 = v*d + 5*r. Calculate the highest common factor of 4 and d.
4
Let r = -287 - -291. Suppose -k = b - 5, -2*k + r*b - 16 = -4*k. Let d = -5 - -21. What is the greatest common divisor of k and d?
2
Let w(q) = -q**3 - 26*q**2 + 60*q + 124. Let z be w(-31). What is the highest common factor of 186 and z?
93
Suppose 18*g + 55809 = 47*g + 24*g. What is the greatest common factor of g and 117?
117
Suppose 0 = -2233*x + 2094*x + 4865. Suppose 4*f - 2*s - 1548 = 0, -2*s = -2*f + 1039 - 261. What is the greatest common divisor of f and x?
35
Suppose 5*j = 7 + 3. Suppose 0 = -2*h + 5*b + 12, 3*b + j*b = -5*h + 30. Suppose 0 = -128*n + 560 + 48 - 96. What is the greatest common divisor of h and n?
2
Suppose -18*f + 29*f = -11. Let u be 64/(f*(6 + -8)). Calculate the greatest common divisor of u and 12.
4
Let k = 13 + -9. Suppose k*i + 222 = 1510. Calculate the highest common factor of i and 92.
46
Let x(t) = 5*t**2 + 583*t + 13727. Let c be x(-25). What is the greatest common divisor of c and 5819?
253
Let z = 28 + -56. Let r be 1 - (4 - (1 - z)). Suppose -v - 105 = 5*b - 323, v + 3*b - 214 = 0. Calculate the greatest common divisor of v and r.
26
Let b be (-4 - -5)*(34 - 2/2). Let c be 3 + 291 + (-3)/(-1). What is the greatest common factor of b and c?
33
Let h(p) = -4*p + 198. Let z be h(47). Let m be 28/(-42) + 154/6. Calculate the highest common factor of m and z.
5
Suppose 89 = 3*s - 46. Let v be (-39 + 25)*((-2)/(-3) - 208/42). What is the greatest common divisor of s and v?
15
Let x = 321 + -311. Suppose -4 = 2*a + 2*n, -a + 8 = -3*n - x. Let j = 3 + 6. What is the greatest common factor of a and j?
3
Let m(n) = n**3 - 3*n**2 + n + 1. Let l be m(4). Let f = 0 - 2. Let r be (-18*f/8)/((-2)/(-28)). Calculate the highest common divisor of r and l.
21
Let q(v) = -14 - 7*v + v**3 + 0 - 2 - 5*v**2. Let x be q(7). What is the highest common factor of 11 and x?
11
Let f = -79541 - -79542. Suppose 2 = -o, -4*w + 0*w = -2*o - 16. Let b = w - 0. What is the greatest common divisor of f and b?
1
Let m(r) = 6*r + 94 - 12*r - 87 - 12*r. Let x be m(-3). Suppose x*w + 176 = 63*w. Calculate the highest common factor of w and 11.
11
Let f = 246 - 186. What is the highest common factor of 435 and f?
15
Let i(n) = -49*n + 1. Let k be i(-11). Suppose 5*z = -0*z + k. Calculate the highest common factor of z and 72.
36
Suppose 0*k = 3*k - 12. Let w be (-420 - 2)/((-14)/(-7)). Let r = w - -231. Calculate the greatest common divisor of k and r.
4
Suppose 5*z - 66